units digit of j?
6
What is the tens digit of 38/((-318)/330 - -1)?
4
Let k be (-5 - -4)*(1 - 2) + 58. What is the units digit of 1/1*k/1?
9
Let z(x) = 4*x + 9. Let m be z(4). Let u = -24 + m. What is the units digit of u?
1
Let y(i) = 58*i + 26. What is the tens digit of y(18)?
7
Suppose 5*z - 36 = -z. What is the tens digit of 1510/15 + 4 + (-4)/z?
0
Suppose 2*d = 12 + 2. Suppose -d*k - 74 = -571. What is the units digit of k?
1
Suppose 6 = 13*n - 16*n. Let t be (-6)/n + (3 - 6). Suppose 16 = -d - 5*q, -2*d + 2*q + 28 = -t*q. What is the units digit of d?
9
Suppose -36 = 3*s + 156. Let f = s + 135. What is the units digit of f?
1
Suppose -9*a + 6*a = 5*c - 10625, -a = 5*c - 10635. What is the thousands digit of c?
2
Let x = 1045 + -268. What is the tens digit of x?
7
Let i = -98 + 455. What is the units digit of i?
7
Let i be -1 - (0 - (0 - -1)). Let o be 480/8 + 0 + i. Suppose -o + 2 = -2*k. What is the units digit of k?
9
Suppose -5*u + 2*y + 3 + 16 = 0, -11 = -3*u + y. Suppose u = 3*l - 3. Suppose d + l*d - 27 = 0. What is the units digit of d?
9
Suppose 8 = 2*t + 4. Suppose 0*q = q - t. Suppose -q*s = -4*f + 70, 0*f - 3*s - 69 = -4*f. What is the units digit of f?
8
Suppose -9*t + 788 + 4153 = 0. What is the tens digit of t?
4
Let d(k) = -3*k - 39 + 17 + 22. Let j be d(-2). Suppose -j = 4*g - 30. What is the units digit of g?
6
Suppose 0 = -4*k - 5*u + 1010 + 1606, -2600 = -4*k - u. What is the units digit of k?
9
Suppose 0 = 2*i - 4*i + 86. Let x = 72 - i. Let s = x - 21. What is the units digit of s?
8
Suppose -2*z + 3099 = 3*i, -3*z + 2294 = 3*i - 2356. What is the tens digit of z?
5
Let h = 3426 + -1395. What is the tens digit of h?
3
Let a(w) = 4*w**2 + 14*w + 93. What is the tens digit of a(-15)?
8
Suppose -14*i + 15*i - 260 = 0. Suppose 32 = -4*v + i. What is the units digit of v?
7
What is the hundreds digit of ((-8)/72 - (-7958)/18) + -6?
4
Let i(h) = 66*h + 5. Let l(n) = n - 6. Let z be l(7). What is the tens digit of i(z)?
7
What is the units digit of 180/300 + (-4054)/(-10)?
6
Let y = 486 - -456. What is the tens digit of y?
4
Let n be 0/5 - (3 + 1031 - 2). What is the tens digit of n/(-15) - -1*(-2)/(-10)?
6
Suppose 4*r = r - 9, 5*l = 4*r + 2. Let v(b) = -5*b**3 + 3*b**2 - 2. What is the tens digit of v(l)?
5
Let g be (-1 - 2 - -1) + 524. Suppose -g = -j - 5*j. What is the units digit of j?
7
Let b(i) = -i**2 - 26*i + 13. Let r be b(-18). Let z = r + -78. What is the units digit of z?
9
Suppose 0*a - 6 = -2*a. Suppose -56 = -u - a. What is the units digit of u?
3
What is the hundreds digit of 9/(-7 + 4) - -351?
3
Let r = 265 - 170. Let l be 16/(-3)*(104 - 5)/11. Let n = r + l. What is the tens digit of n?
4
Suppose 5*k - 64 + 24 = 0. Suppose 2*o - 14 + k = 0. Suppose o*n = 2 + 226. What is the units digit of n?
6
Let l = 4306 + -1712. What is the thousands digit of l?
2
What is the units digit of 2 + 4/18 + 416/(-1872)?
2
Suppose -38800 = 5*j - 25*j. What is the thousands digit of j?
1
Let b(k) = 3*k - 7. Let p be b(6). Suppose 0 = -17*g + p*g + 168. What is the tens digit of g?
2
Let k(y) be the second derivative of y**3/6 - 7*y**2 + 2*y. Let v be k(12). What is the units digit of ((-64)/24)/(v/3)?
4
Suppose -18 + 5 = 5*v + 3*s, 0 = s + 1. What is the units digit of 0 + 3 - (-41 - 4/v)?
2
Let l = -66 + 241. Suppose -h + 42 = -l. What is the tens digit of h?
1
Let n = 48 + -50. Let g(z) = -9*z**3 + z + 2. What is the units digit of g(n)?
2
Let h(v) = 6*v**2 - 49*v + 7. What is the units digit of h(10)?
7
Suppose -19 = -5*y + 71. Suppose y = -w + 61. What is the tens digit of w?
4
Let y(o) = -10*o**3 - 3*o**2 - o + 2. What is the hundreds digit of y(-3)?
2
Let m(b) be the third derivative of 3*b**2 + 0*b + 5/3*b**3 + 1/3*b**4 + 0. What is the tens digit of m(6)?
5
Suppose -29*o = 6*o - 136465. What is the thousands digit of o?
3
Let g be (7 - 3)/(-1 + 543/537). Suppose 4*y = -2*b + 194, -g = -5*y + 3*b - 99. What is the tens digit of y?
5
Let y be 4 - 4 - (2 + -1 - 578). What is the hundreds digit of (-6)/24 + y/4 + 2?
1
Suppose 5*x = -3*j + 1744, 2*j - 1144 = -4*x + 250. What is the hundreds digit of x?
3
Let d(k) = -70*k + 295. What is the tens digit of d(-5)?
4
Suppose -2*l = -0*y + 5*y + 18, 3*y - 4*l = 10. Let j = 53 - 46. What is the tens digit of (-783)/(-21) + y/j?
3
Suppose 2991 = 3*h + 71*n - 74*n, 0 = -2*h + n + 1999. What is the tens digit of h?
0
Let n(r) = -r**3 - 7*r**2 + r + 3. Let u(b) = -b**2 + 11*b - 6. Let k be u(11). Let p be n(k). Let a = -7 - p. What is the tens digit of a?
3
Let v = 726 - 486. What is the hundreds digit of v?
2
Let u be -1*90/20*(-20)/18. Suppose 3*z - 3 = 12. Suppose -u*x + 64 = z*g - 3*x, -15 = 5*x. What is the units digit of g?
4
Let i = 1913 + -1223. What is the units digit of i?
0
What is the tens digit of (2 - 313/(-2) - 2)*2?
1
What is the units digit of (-26)/16 + 2 + (-8391)/(-24)?
0
Let a be (94 + 6)/((-1)/(-4)). Suppose -a + 46 = -6*b. What is the units digit of b?
9
Let w(g) = 2*g - 10. Let a be w(6). What is the tens digit of (a/(-3))/(40/(-1260))?
2
What is the units digit of (190/(-25))/((-8)/620)?
9
Let x(o) = -6 - 6 + 9 - 166*o - 6. What is the units digit of x(-2)?
3
Suppose 5*h - 2405 = 5*t, 0 = -5*h - 7*t + 11*t + 2402. What is the hundreds digit of h?
4
Suppose 5*u = 7*u - 60. Let t = -2 - -25. Let f = u - t. What is the units digit of f?
7
Suppose -2*k - 4*g + 673 - 75 = 0, 0 = -k - 5*g + 293. Suppose 2*z + 3*z = 2*c + k, -3*c = z - 64. What is the tens digit of z?
6
Suppose -4*k - 4 = 4*z, -5*k + 3 = -z - 16. Suppose 288 = -k*t + 6*t. Suppose t = 5*q + 6. What is the tens digit of q?
1
Suppose -y - 14 = -3*l, 4*y + 2*l - 7*l + 42 = 0. Let n = 35 - y. What is the units digit of n?
3
Let q(w) = -6*w**2 + 12*w - 5. Let r(u) = -u + 1. Let z(n) = -q(n) - 6*r(n). Let a be (6/(-10))/((-66)/(-330)). What is the tens digit of z(a)?
7
Let z(v) = -v**2 - 4*v + 7. Let l be z(-5). Let x(f) = 14*f - 1. What is the tens digit of x(l)?
2
Let m = 21 + -5. Let t = m + -9. Suppose -2*c + 10 = 6*n - 2*n, c + 5*n + t = 0. What is the units digit of c?
3
Suppose -3*c - 3*j + 84 = -2*j, 0 = 5*j + 15. Suppose -2 = 4*b + 34. Let d = b + c. What is the tens digit of d?
2
Suppose -5*z - 48 = -183. Suppose -5*l + z = n, 0*l - 2*n - 21 = -5*l. Suppose -l*g + 198 = -i, 0*i = 3*g + 2*i - 124. What is the units digit of g?
0
Let g(h) = 2*h**2 + 18*h + 12. Let q be g(-10). Let n = -23 + q. Suppose n + 0 = a. What is the units digit of a?
9
Suppose -5*y + 796 = -3*y + 5*a, 372 = y - 4*a. What is the hundreds digit of y?
3
Let w(o) = 14*o**2 + 832*o + 19. What is the hundreds digit of w(-65)?
0
What is the tens digit of (1130/8)/(31/124)?
6
Suppose 4*r = 0, 2*k - 181 = -r + 329. What is the units digit of k?
5
Let h(m) = 1 - 2*m**2 - 3*m**2 - m + 0*m**2 + 4. Let u be h(-4). What is the units digit of 16/4 - (u + 1)?
4
Suppose 0 = -74*g + 75*g - 24. What is the hundreds digit of 154 - ((-9)/(-4) + (-6)/g)?
1
Let y be 31/2 + 5/(-2). Suppose -2*a + y*a = 2112. What is the hundreds digit of a?
1
Suppose -282 = 4*p - 2*j, 3*p + 2*p + 325 = -3*j. What is the tens digit of ((-5)/(30/33))/(2/p)?
8
Suppose 10*s - 1065 - 9095 = 0. What is the hundreds digit of s?
0
Suppose -28 = -6*f + 2*f. Let o = 9 - f. What is the tens digit of 186/12 - 1/o?
1
Suppose 3*j = p - 0*p - 97, 3*p + 4*j = 291. Let b = p - -28. What is the units digit of b?
5
Suppose 2*h + 711 = 4*h + 5*s, -2*h = -5*s - 761. What is the tens digit of h?
6
Let p(h) = 20*h - 14. Let i be p(7). Let w be 1288/i - 4/18. Suppose l = -w + 28. What is the units digit of l?
8
Let p(o) = -o + 1. Let r(m) = -14*m - 9. Let z(a) = 29*a + 18. Let n(c) = 13*r(c) + 6*z(c). Let h(g) = n(g) - 3*p(g). What is the tens digit of h(-11)?
4
Suppose 0 = 7*k - 107 + 65. What is the units digit of k?
6
Let i = 49 + -46. Suppose -i*x + o = -x - 425, -3*x = 3*o - 642. What is the tens digit of x?
1
Suppose 15 + 10 = 5*g. Suppose 248 - 33 = g*d. What is the units digit of d?
3
Let k be ((-2)/6)/(30/(-90)). What is the units digit of (-11067)/204*(k - -7)/(-2)?
7
Suppose 2*u - 4*f = 32, 0 = 2*u + f - 15 - 2. Suppose 4*j + 48 = u*j. What is the units digit of j?
8
Let p = -40 - -57. What is the hundreds digit of (-2 + (237 - 0))/(p - 16)?
2
Let u = -52 - -58. Let r = 17